{"id":1584,"date":"2022-12-20T13:53:14","date_gmt":"2022-12-20T12:53:14","guid":{"rendered":"https:\/\/sieclevaelban.com\/?page_id=1584"},"modified":"2022-12-20T13:53:41","modified_gmt":"2022-12-20T12:53:41","slug":"mes-tableaux-photographiques","status":"publish","type":"page","link":"https:\/\/sieclevaelban.com\/?page_id=1584","title":{"rendered":"Tableaux Photographiques"},"content":{"rendered":"\n<div style=\"height:80px\" aria-hidden=\"true\" class=\"wp-block-spacer\"><\/div>\n\n\n<div class=\"wp-block-image is-style-rounded\">\n<figure class=\"aligncenter size-full\"><img loading=\"lazy\" decoding=\"async\" width=\"364\" height=\"364\" src=\"https:\/\/sieclevaelban.com\/wp-content\/uploads\/sites\/3\/2019\/04\/Dieu-Plume-Manier-le-Ba\u0302ton-VBQ.jpg\" alt=\"\" class=\"wp-image-568\" srcset=\"https:\/\/sieclevaelban.com\/wp-content\/uploads\/sites\/3\/2019\/04\/Dieu-Plume-Manier-le-Ba\u0302ton-VBQ.jpg 364w, https:\/\/sieclevaelban.com\/wp-content\/uploads\/sites\/3\/2019\/04\/Dieu-Plume-Manier-le-Ba\u0302ton-VBQ-150x150.jpg 150w, https:\/\/sieclevaelban.com\/wp-content\/uploads\/sites\/3\/2019\/04\/Dieu-Plume-Manier-le-Ba\u0302ton-VBQ-300x300.jpg 300w, https:\/\/sieclevaelban.com\/wp-content\/uploads\/sites\/3\/2019\/04\/Dieu-Plume-Manier-le-Ba\u0302ton-VBQ-270x270.jpg 270w\" sizes=\"(max-width: 364px) 100vw, 364px\" \/><\/figure><\/div>\n\n\n<div style=\"height:46px\" aria-hidden=\"true\" class=\"wp-block-spacer\"><\/div>\n\n\n\n<p class=\"has-drop-cap text_justify\"><strong>Pr\u00e9sentation :<\/strong> Depuis l&rsquo;ann\u00e9e 2008, j&rsquo;exerce ma cr\u00e9ativit\u00e9 en mettant mon imaginaire en images. Je cr\u00e9e des <em>Tableaux Photographiques<\/em> sous le pseudonyme de <em>Kay-Joon<\/em>. <\/p>\n\n\n\n<p class=\"text_justify\">Exploration aux quatre vents lors de mes d\u00e9buts, cette pratique artistique s&rsquo;est orchestr\u00e9e au fil des ann\u00e9es en trois \u00e9tapes distinctes : le travail photographique avec des mod\u00e8les vivants, de vrais moments de gr\u00e2ce, d&rsquo;\u00e9changes et de transmutation (costume, maquillage, perruques et jeux de th\u00e9\u00e2tre) ; la cr\u00e9ation des tableaux sur logiciel, \u00e9tape de photo-montage, de mixage des images et de d\u00e9veloppement de ma patte graphique ; la mise en sc\u00e8ne artistique des tableaux imprim\u00e9s en grands formats dans des expositions burlesques et des parcours oniriques. <\/p>\n\n\n\n<div style=\"height:15px\" aria-hidden=\"true\" class=\"wp-block-spacer\"><\/div>\n\n\n\n<p class=\"has-text-align-center has-medium-font-size\"><strong><a rel=\"noreferrer noopener\" href=\"http:\/\/www.kay-joon.fr\/\" target=\"_blank\">En savoir plus sur mes tableaux photographiques !<\/a><\/strong><\/p>\n","protected":false},"excerpt":{"rendered":"<p>Pr\u00e9sentation : Depuis l&rsquo;ann\u00e9e 2008, j&rsquo;exerce ma cr\u00e9ativit\u00e9 en mettant mon imaginaire en images. Je cr\u00e9e des Tableaux Photographiques sous le pseudonyme de Kay-Joon. Exploration aux quatre vents lors de mes d\u00e9buts, cette pratique artistique s&rsquo;est orchestr\u00e9e au fil des ann\u00e9es en trois \u00e9tapes distinctes : le travail photographique avec des mod\u00e8les vivants, de vrais moments de gr\u00e2ce, d&rsquo;\u00e9changes et de transmutation (costume, maquillage, perruques et jeux de th\u00e9\u00e2tre) ; la cr\u00e9ation des tableaux sur logiciel, \u00e9tape de photo-montage, de&#8230;<\/p>\n<p class=\"read-more\"><a class=\"btn btn-default\" href=\"https:\/\/sieclevaelban.com\/?page_id=1584\">Lire la suite<span class=\"screen-reader-text\"> Lire la suite<\/span><\/a><\/p>\n","protected":false},"author":1,"featured_media":0,"parent":0,"menu_order":0,"comment_status":"closed","ping_status":"closed","template":"","meta":{"footnotes":""},"class_list":["post-1584","page","type-page","status-publish","hentry"],"post_mailing_queue_ids":[],"_links":{"self":[{"href":"https:\/\/sieclevaelban.com\/index.php?rest_route=\/wp\/v2\/pages\/1584"}],"collection":[{"href":"https:\/\/sieclevaelban.com\/index.php?rest_route=\/wp\/v2\/pages"}],"about":[{"href":"https:\/\/sieclevaelban.com\/index.php?rest_route=\/wp\/v2\/types\/page"}],"author":[{"embeddable":true,"href":"https:\/\/sieclevaelban.com\/index.php?rest_route=\/wp\/v2\/users\/1"}],"replies":[{"embeddable":true,"href":"https:\/\/sieclevaelban.com\/index.php?rest_route=%2Fwp%2Fv2%2Fcomments&post=1584"}],"version-history":[{"count":4,"href":"https:\/\/sieclevaelban.com\/index.php?rest_route=\/wp\/v2\/pages\/1584\/revisions"}],"predecessor-version":[{"id":1588,"href":"https:\/\/sieclevaelban.com\/index.php?rest_route=\/wp\/v2\/pages\/1584\/revisions\/1588"}],"wp:attachment":[{"href":"https:\/\/sieclevaelban.com\/index.php?rest_route=%2Fwp%2Fv2%2Fmedia&parent=1584"}],"curies":[{"name":"wp","href":"https:\/\/api.w.org\/{rel}","templated":true}]}}