{"id":1912,"date":"2025-10-16T17:48:40","date_gmt":"2025-10-16T15:48:40","guid":{"rendered":"https:\/\/sieclevaelban.com\/?page_id=1912"},"modified":"2025-10-16T17:48:40","modified_gmt":"2025-10-16T15:48:40","slug":"la-folle-fabule-des-soeurs-tresor","status":"publish","type":"page","link":"https:\/\/sieclevaelban.com\/?page_id=1912","title":{"rendered":"La Folle Fabule des S\u0153urs Tr\u00e9sor"},"content":{"rendered":"\n<div class=\"wp-block-media-text is-stacked-on-mobile\" style=\"grid-template-columns:57% auto\"><figure class=\"wp-block-media-text__media\"><img loading=\"lazy\" decoding=\"async\" width=\"793\" height=\"1024\" src=\"https:\/\/sieclevaelban.com\/wp-content\/uploads\/sites\/3\/2025\/10\/IMG_8786-793x1024.jpeg\" alt=\"\" class=\"wp-image-2020 size-full\" srcset=\"https:\/\/sieclevaelban.com\/wp-content\/uploads\/sites\/3\/2025\/10\/IMG_8786-793x1024.jpeg 793w, https:\/\/sieclevaelban.com\/wp-content\/uploads\/sites\/3\/2025\/10\/IMG_8786-232x300.jpeg 232w, https:\/\/sieclevaelban.com\/wp-content\/uploads\/sites\/3\/2025\/10\/IMG_8786-768x991.jpeg 768w, https:\/\/sieclevaelban.com\/wp-content\/uploads\/sites\/3\/2025\/10\/IMG_8786-1190x1536.jpeg 1190w, https:\/\/sieclevaelban.com\/wp-content\/uploads\/sites\/3\/2025\/10\/IMG_8786-1587x2048.jpeg 1587w, https:\/\/sieclevaelban.com\/wp-content\/uploads\/sites\/3\/2025\/10\/IMG_8786-209x270.jpeg 209w, https:\/\/sieclevaelban.com\/wp-content\/uploads\/sites\/3\/2025\/10\/IMG_8786-scaled.jpeg 1983w\" sizes=\"(max-width: 793px) 100vw, 793px\" \/><\/figure><div class=\"wp-block-media-text__content\">\n<p><strong>Titre :<\/strong>&nbsp;<em>La Folle Fabule des S\u0153urs Tr\u00e9sor<\/em><\/p>\n\n\n\n<p><strong>Ce r\u00e9cit est un album jeunesse, fruit d\u2019une collaboration \u00e0 quatre mains \u2013 une histoire \u00e9crite par Si\u00e8cle Va\u00eblban et illustr\u00e9e par&nbsp;<a href=\"https:\/\/www.artstation.com\/chevalier\" target=\"_blank\" rel=\"noreferrer noopener\">No\u00ebmie Chevalier<\/a>.<\/strong><\/p>\n\n\n\n<p><strong>Editeur :<\/strong>&nbsp;<a href=\"https:\/\/www.casterman.com\/Jeunesse\" target=\"_blank\" rel=\"noreferrer noopener\">Casterman<\/a><\/p>\n\n\n\n<p><strong>Langue :<\/strong>&nbsp;Fran\u00e7ais<\/p>\n\n\n\n<p><strong>Date de publication :<\/strong>&nbsp;2026<\/p>\n\n\n\n<p><strong>Type :<\/strong>&nbsp;Album jeunesse<\/p>\n\n\n\n<p><strong>Genre :<\/strong>&nbsp;Imaginaire<\/p>\n<\/div><\/div>\n\n\n\n<p><strong>Public :<\/strong>&nbsp;Enfants (6 ans et +)<\/p>\n\n\n\n<p><strong>Droits \u00e9trangers :<\/strong>\u00a0<a href=\"https:\/\/www.curtisbrown.co.uk\/client\/siecle-vaelban\/work\/la-folle-fabule-des-soeurs-tresor\" target=\"_blank\" rel=\"noreferrer noopener\">Roxane Edouard chez Curtis Brown<\/a><\/p>\n\n\n<div class=\"wp-block-image\">\n<figure class=\"aligncenter is-resized\"><img decoding=\"async\" src=\"https:\/\/hsgt.kay-joon.fr\/wp-content\/uploads\/sites\/2\/2022\/10\/DIEU-RADIS-2-617x1024.png\" alt=\"\" class=\"wp-image-4097\" style=\"width:131px;height:auto\"\/><\/figure><\/div>\n\n\n<p><strong>R\u00e9sum\u00e9 :<\/strong>&nbsp;Les jumelles Ishel et Ishtar crapahutent avec bonheur dans l\u2019orphelinat des Marraines Tr\u00e9sor jusqu\u2019au jour o\u00f9 elles gagnent une Marquise et son \u00e9poux \u00e0 la loterie des parents. Louise de Millecerises, Monsieur Toque et les fillettes entament un long voyage pour rejoindre leur nouvelle maison. Une attaque de licornes \u00e0 pois rouges s\u00e9pare les deux enfants qui grandiront dans des environnements radicalement diff\u00e9rents, pour le meilleur pire et le pire meilleur.<\/p>\n\n\n\n<p><strong>Informations suppl\u00e9mentaires :&nbsp;<\/strong><em>La Folle Fabule des S\u0153urs Tr\u00e9sor<\/em>&nbsp;est un projet de double album illustr\u00e9. \u00c0 l\u2019endroit, on suit l\u2019histoire du point de vue d\u2019Ishel. \u00c0 l\u2019envers, on d\u00e9couvre le point de vue d\u2019Ishtar. M\u00eame lorsqu\u2019elles vivent ensemble, les deux s\u0153urs ne sont pas sensibles aux m\u00eames personnes ou aux m\u00eames \u00e9l\u00e9ments de d\u00e9cor. Cette double narration sert des th\u00e9matiques telles que la qu\u00eate de libert\u00e9, les diff\u00e9rents apprentissages dont on a besoin pour trouver l\u2019\u00e9quilibre, et les bienfaits de la voie du milieu.<\/p>\n\n\n\n<div style=\"height:19px\" aria-hidden=\"true\" class=\"wp-block-spacer\"><\/div>\n\n\n\n<blockquote class=\"wp-block-quote is-layout-flow wp-block-quote-is-layout-flow\">\n<p>Pendant les trois ann\u00e9es qui suivirent, Ishtar s\u2019entra\u00eena \u00e0 monter dans les grands pins.<\/p>\n\n\n\n<p>Elle apprit \u00e0 chasser les champignons, \u00e0 r\u00e9colter les orties et les carottes sauvages pour la soupe du soir. Elle entama une collection de pissenlits s\u00e9ch\u00e9s et de racines de mandragore, et m\u00eame un Herbier Sauvageon rempli de mauvaises herbes.<\/p>\n\n\n\n<p><em>La Folle Fabule des S\u0153urs Tr\u00e9sor<\/em>, Si\u00e8cle Va\u00eblban et No\u00ebmie Chevalier<\/p>\n<\/blockquote>\n\n\n\n<div style=\"height:27px\" aria-hidden=\"true\" class=\"wp-block-spacer\"><\/div>\n\n\n<div class=\"wp-block-image\">\n<figure class=\"aligncenter size-large\"><img loading=\"lazy\" decoding=\"async\" width=\"724\" height=\"1024\" src=\"https:\/\/sieclevaelban.com\/wp-content\/uploads\/sites\/3\/2025\/10\/unnamed-test-724x1024.jpg\" alt=\"\" class=\"wp-image-2043\" srcset=\"https:\/\/sieclevaelban.com\/wp-content\/uploads\/sites\/3\/2025\/10\/unnamed-test-724x1024.jpg 724w, https:\/\/sieclevaelban.com\/wp-content\/uploads\/sites\/3\/2025\/10\/unnamed-test-212x300.jpg 212w, https:\/\/sieclevaelban.com\/wp-content\/uploads\/sites\/3\/2025\/10\/unnamed-test-768x1086.jpg 768w, https:\/\/sieclevaelban.com\/wp-content\/uploads\/sites\/3\/2025\/10\/unnamed-test-1086x1536.jpg 1086w, https:\/\/sieclevaelban.com\/wp-content\/uploads\/sites\/3\/2025\/10\/unnamed-test-1448x2048.jpg 1448w, https:\/\/sieclevaelban.com\/wp-content\/uploads\/sites\/3\/2025\/10\/unnamed-test-191x270.jpg 191w, https:\/\/sieclevaelban.com\/wp-content\/uploads\/sites\/3\/2025\/10\/unnamed-test-scaled.jpg 1810w\" sizes=\"(max-width: 724px) 100vw, 724px\" \/><\/figure><\/div>","protected":false},"excerpt":{"rendered":"<p>Titre :&nbsp;La Folle Fabule des S\u0153urs Tr\u00e9sor Ce r\u00e9cit est un album jeunesse, fruit d\u2019une collaboration \u00e0 quatre mains \u2013 une histoire \u00e9crite par Si\u00e8cle Va\u00eblban et illustr\u00e9e par&nbsp;No\u00ebmie Chevalier. Editeur :&nbsp;Casterman Langue :&nbsp;Fran\u00e7ais Date de publication :&nbsp;2026 Type :&nbsp;Album jeunesse Genre :&nbsp;Imaginaire Public :&nbsp;Enfants (6 ans et +) Droits \u00e9trangers :\u00a0Roxane Edouard chez Curtis Brown R\u00e9sum\u00e9 :&nbsp;Les jumelles Ishel et Ishtar crapahutent avec bonheur dans l\u2019orphelinat des Marraines Tr\u00e9sor jusqu\u2019au jour o\u00f9 elles gagnent une Marquise et son \u00e9poux&#8230;<\/p>\n<p class=\"read-more\"><a class=\"btn btn-default\" href=\"https:\/\/sieclevaelban.com\/?page_id=1912\">Lire la suite<span class=\"screen-reader-text\"> Lire la suite<\/span><\/a><\/p>\n","protected":false},"author":1,"featured_media":0,"parent":0,"menu_order":0,"comment_status":"closed","ping_status":"closed","template":"","meta":{"footnotes":""},"class_list":["post-1912","page","type-page","status-publish","hentry"],"post_mailing_queue_ids":[],"_links":{"self":[{"href":"https:\/\/sieclevaelban.com\/index.php?rest_route=\/wp\/v2\/pages\/1912"}],"collection":[{"href":"https:\/\/sieclevaelban.com\/index.php?rest_route=\/wp\/v2\/pages"}],"about":[{"href":"https:\/\/sieclevaelban.com\/index.php?rest_route=\/wp\/v2\/types\/page"}],"author":[{"embeddable":true,"href":"https:\/\/sieclevaelban.com\/index.php?rest_route=\/wp\/v2\/users\/1"}],"replies":[{"embeddable":true,"href":"https:\/\/sieclevaelban.com\/index.php?rest_route=%2Fwp%2Fv2%2Fcomments&post=1912"}],"version-history":[{"count":13,"href":"https:\/\/sieclevaelban.com\/index.php?rest_route=\/wp\/v2\/pages\/1912\/revisions"}],"predecessor-version":[{"id":2101,"href":"https:\/\/sieclevaelban.com\/index.php?rest_route=\/wp\/v2\/pages\/1912\/revisions\/2101"}],"wp:attachment":[{"href":"https:\/\/sieclevaelban.com\/index.php?rest_route=%2Fwp%2Fv2%2Fmedia&parent=1912"}],"curies":[{"name":"wp","href":"https:\/\/api.w.org\/{rel}","templated":true}]}}

La Folle Fabule des Sœurs Trésor

<div class="wp-block-media-text is-stacked-on-mobile" style="grid-template-columns:57% auto"><figure class="wp-block-media-text__media"><img loading="lazy" decoding="async" width="793" height="1024" src="https://sieclevaelban.com/wp-content/uploads/sites/3/2025/10/IMG_8786-793x1024.jpeg" alt="" class="wp-image-2020 size-full" srcset="https://sieclevaelban.com/wp-content/uploads/sites/3/2025/10/IMG_8786-793x1024.jpeg 793w, https://sieclevaelban.com/wp-content/uploads/sites/3/2025/10/IMG_8786-232x300.jpeg 232w, https://sieclevaelban.com/wp-content/uploads/sites/3/2025/10/IMG_8786-768x991.jpeg 768w, https://sieclevaelban.com/wp-content/uploads/sites/3/2025/10/IMG_8786-1190x1536.jpeg 1190w, https://sieclevaelban.com/wp-content/uploads/sites/3/2025/10/IMG_8786-1587x2048.jpeg 1587w, https://sieclevaelban.com/wp-content/uploads/sites/3/2025/10/IMG_8786-209x270.jpeg 209w, https://sieclevaelban.com/wp-content/uploads/sites/3/2025/10/IMG_8786-scaled.jpeg 1983w" sizes="(max-width: 793px) 100vw, 793px" /></figure><div class="wp-block-media-text__content">
<p><strong>Titre :</strong>&nbsp;<em>La Folle Fabule des Sœurs Trésor</em></p>



<p><strong>Ce récit est un album jeunesse, fruit d’une collaboration à quatre mains – une histoire écrite par Siècle Vaëlban et illustrée par&nbsp;<a href="https://www.artstation.com/chevalier" target="_blank" rel="noreferrer noopener">Noëmie Chevalier</a>.</strong></p>



<p><strong>Editeur :</strong>&nbsp;<a href="https://www.casterman.com/Jeunesse" target="_blank" rel="noreferrer noopener">Casterman</a></p>



<p><strong>Langue :</strong>&nbsp;Français</p>



<p><strong>Date de publication :</strong>&nbsp;2026</p>



<p><strong>Type :</strong>&nbsp;Album jeunesse</p>



<p><strong>Genre :</strong>&nbsp;Imaginaire</p>
</div></div>



<p><strong>Public :</strong>&nbsp;Enfants (6 ans et +)</p>



<p><strong>Droits étrangers :</strong> <a href="https://www.curtisbrown.co.uk/client/siecle-vaelban/work/la-folle-fabule-des-soeurs-tresor" target="_blank" rel="noreferrer noopener">Roxane Edouard chez Curtis Brown</a></p>


<div class="wp-block-image">
<figure class="aligncenter is-resized"><img decoding="async" src="https://hsgt.kay-joon.fr/wp-content/uploads/sites/2/2022/10/DIEU-RADIS-2-617x1024.png" alt="" class="wp-image-4097" style="width:131px;height:auto"/></figure></div>


<p><strong>Résumé :</strong>&nbsp;Les jumelles Ishel et Ishtar crapahutent avec bonheur dans l’orphelinat des Marraines Trésor jusqu’au jour où elles gagnent une Marquise et son époux à la loterie des parents. Louise de Millecerises, Monsieur Toque et les fillettes entament un long voyage pour rejoindre leur nouvelle maison. Une attaque de licornes à pois rouges sépare les deux enfants qui grandiront dans des environnements radicalement différents, pour le meilleur pire et le pire meilleur.</p>



<p><strong>Informations supplémentaires :&nbsp;</strong><em>La Folle Fabule des Sœurs Trésor</em>&nbsp;est un projet de double album illustré. À l’endroit, on suit l’histoire du point de vue d’Ishel. À l’envers, on découvre le point de vue d’Ishtar. Même lorsqu’elles vivent ensemble, les deux sœurs ne sont pas sensibles aux mêmes personnes ou aux mêmes éléments de décor. Cette double narration sert des thématiques telles que la quête de liberté, les différents apprentissages dont on a besoin pour trouver l’équilibre, et les bienfaits de la voie du milieu.</p>



<div style="height:19px" aria-hidden="true" class="wp-block-spacer"></div>



<blockquote class="wp-block-quote is-layout-flow wp-block-quote-is-layout-flow">
<p>Pendant les trois années qui suivirent, Ishtar s’entraîna à monter dans les grands pins.</p>



<p>Elle apprit à chasser les champignons, à récolter les orties et les carottes sauvages pour la soupe du soir. Elle entama une collection de pissenlits séchés et de racines de mandragore, et même un Herbier Sauvageon rempli de mauvaises herbes.</p>



<p><em>La Folle Fabule des Sœurs Trésor</em>, Siècle Vaëlban et Noëmie Chevalier</p>
</blockquote>



<div style="height:27px" aria-hidden="true" class="wp-block-spacer"></div>


<div class="wp-block-image">
<figure class="aligncenter size-large"><img loading="lazy" decoding="async" width="724" height="1024" src="https://sieclevaelban.com/wp-content/uploads/sites/3/2025/10/unnamed-test-724x1024.jpg" alt="" class="wp-image-2043" srcset="https://sieclevaelban.com/wp-content/uploads/sites/3/2025/10/unnamed-test-724x1024.jpg 724w, https://sieclevaelban.com/wp-content/uploads/sites/3/2025/10/unnamed-test-212x300.jpg 212w, https://sieclevaelban.com/wp-content/uploads/sites/3/2025/10/unnamed-test-768x1086.jpg 768w, https://sieclevaelban.com/wp-content/uploads/sites/3/2025/10/unnamed-test-1086x1536.jpg 1086w, https://sieclevaelban.com/wp-content/uploads/sites/3/2025/10/unnamed-test-1448x2048.jpg 1448w, https://sieclevaelban.com/wp-content/uploads/sites/3/2025/10/unnamed-test-191x270.jpg 191w, https://sieclevaelban.com/wp-content/uploads/sites/3/2025/10/unnamed-test-scaled.jpg 1810w" sizes="(max-width: 724px) 100vw, 724px" /></figure></div>

<p>Titre :&nbsp;La Folle Fabule des Sœurs Trésor Ce récit est un album jeunesse, fruit d’une collaboration à quatre mains – une histoire écrite par Siècle Vaëlban et illustrée par&nbsp;Noëmie Chevalier. Editeur :&nbsp;Casterman Langue :&nbsp;Français Date de publication :&nbsp;2026 Type :&nbsp;Album jeunesse Genre :&nbsp;Imaginaire Public :&nbsp;Enfants (6 ans et +) Droits étrangers : Roxane Edouard chez Curtis Brown Résumé :&nbsp;Les jumelles Ishel et Ishtar crapahutent avec bonheur dans l’orphelinat des Marraines Trésor jusqu’au jour où elles gagnent une Marquise et son époux&#8230;</p>
<p class="read-more"><a class="btn btn-default" href="https://sieclevaelban.com/?page_id=1912">Lire la suite<span class="screen-reader-text"> Lire la suite</span></a></p>
